emainder when 9352613 is divided by 301697?
6
Calculate the remainder when 22207 is divided by 2723.
423
What is the remainder when 30702 is divided by 1731?
1275
What is the remainder when 199035 is divided by 1131?
1110
What is the remainder when 6355775 is divided by 50442?
83
Calculate the remainder when 7216442 is divided by 232786.
76
Calculate the remainder when 53413 is divided by 2448.
2005
What is the remainder when 333955 is divided by 69?
64
Calculate the remainder when 4007966 is divided by 160.
126
Calculate the remainder when 64095953 is divided by 1786.
1771
What is the remainder when 1483276 is divided by 494423?
7
Calculate the remainder when 3846096 is divided by 349634.
122
What is the remainder when 1586817 is divided by 1586764?
53
What is the remainder when 4502 is divided by 308?
190
What is the remainder when 141931775 is divided by 3106?
3105
What is the remainder when 4725624 is divided by 60?
24
What is the remainder when 2345645 is divided by 31?
30
What is the remainder when 46735690 is divided by 463?
7
What is the remainder when 1813700 is divided by 91?
70
What is the remainder when 728758 is divided by 145751?
3
Calculate the remainder when 13914 is divided by 2345.
2189
Calculate the remainder when 2992636 is divided by 1164.
1156
Calculate the remainder when 31643 is divided by 4486.
241
What is the remainder when 1500624 is divided by 462?
48
Calculate the remainder when 781521 is divided by 160.
81
Calculate the remainder when 4352015 is divided by 124.
111
Calculate the remainder when 12208736 is divided by 277471.
12
What is the remainder when 192780533 is divided by 988?
985
What is the remainder when 300594 is divided by 1937?
359
Calculate the remainder when 10650728 is divided by 16.
8
What is the remainder when 124528 is divided by 764?
760
Calculate the remainder when 305147 is divided by 76284.
11
What is the remainder when 1214849 is divided by 404933?
50
What is the remainder when 6036304 is divided by 3018150?
4
Calculate the remainder when 137440 is divided by 45744.
208
What is the remainder when 25502 is divided by 8294?
620
What is the remainder when 2573322 is divided by 233930?
92
What is the remainder when 9315110 is divided by 169365?
35
Calculate the remainder when 11052992 is divided by 29.
19
Calculate the remainder when 590217177 is divided by 60.
57
What is the remainder when 14379675 is divided by 167?
140
What is the remainder when 29718565 is divided by 44960?
5
Calculate the remainder when 5828 is divided by 570.
128
What is the remainder when 717228 is divided by 3533?
29
What is the remainder when 77664 is divided by 5535?
174
Calculate the remainder when 166522 is divided by 12121.
8949
Calculate the remainder when 293284028 is divided by 123.
122
Calculate the remainder when 933484 is divided by 103703.
157
Calculate the remainder when 704124980 is divided by 1431.
1430
What is the remainder when 6114810 is divided by 265858?
76
Calculate the remainder when 1400431 is divided by 699610.
1211
Calculate the remainder when 4089389 is divided by 2710.
2709
Calculate the remainder when 2047050 is divided by 12955.
160
What is the remainder when 32588151 is divided by 8147026?
47
What is the remainder when 1261216 is divided by 1594?
362
Calculate the remainder when 349579 is divided by 501.
382
Calculate the remainder when 7163681 is divided by 464.
449
What is the remainder when 27223652 is divided by 2722359?
62
What is the remainder when 3848730 is divided by 111?
27
What is the remainder when 6385599 is divided by 130?
129
Calculate the remainder when 158872445 is divided by 233.
230
Calculate the remainder when 30275398 is divided by 15137685.
28
What is the remainder when 56654 is divided by 28259?
136
What is the remainder when 42359991 is divided by 80?
71
What is the remainder when 259119 is divided by 129437?
245
What is the remainder when 158990 is divided by 278?
252
What is the remainder when 2425465 is divided by 3711?
2182
What is the remainder when 11891219 is divided by 233161?
8
What is the remainder when 15621002 is divided by 233?
216
Calculate the remainder when 837299 is divided by 100.
99
What is the remainder when 160956 is divided by 603?
558
What is the remainder when 53536803 is divided by 1578?
1575
Calculate the remainder when 113349 is divided by 360.
309
Calculate the remainder when 4932116 is divided by 2466056.
4
Calculate the remainder when 17931154 is divided by 167.
30
What is the remainder when 900828 is divided by 288?
252
Calculate the remainder when 624128 is divided by 485.
418
Calculate the remainder when 2990837 is divided by 613.
10
What is the remainder when 1450905 is divided by 2955?
0
What is the remainder when 4742958 is divided by 35394?
162
What is the remainder when 48722 is divided by 5084?
2966
What is the remainder when 36652340 is divided by 1440?
20
What is the remainder when 28411016 is divided by 1041?
44
What is the remainder when 785105 is divided by 49067?
33
Calculate the remainder when 535823 is divided by 1908.
1583
Calculate the remainder when 20058 is divided by 3300.
258
Calculate the remainder when 343097 is divided by 340789.
2308
What is the remainder when 10948681 is divided by 437947?
6
Calculate the remainder when 2098736 is divided by 190.
186
Calculate the remainder when 8251607 is divided by 181.
179
Calculate the remainder when 749701 is divided by 458.
413
What is the remainder when 2646720 is divided by 3847?
3831
What is the remainder when 20678451 is divided by 61?
0
Calculate the remainder when 19828333 is divided by 967.
965
Calculate the remainder when 9071563 is divided by 164937.
28
What is the remainder when 1117401 is divided by 1953?
285
Calculate the remainder when 11246956 is divided by 11246944.
12
What is the remainder when 34643849 is divided by 78?
71
What is the remainder when 1601253 is divided by 119?
108
Calculate the remainder when 2035563 is divided by 28.
19
What is the remainder when 2133372 is divided by 228?
204
Calculate the remainder when 2359734 is divided by 22452.
2274
What is the remainder when 11168956 is divided by 5584448?
60
What is the remainder when 112140 is divided by 5444?
3260
Calculate the remainder when 6043071 is divided by 6470.
91
What is the remainder when 17721599 is divided by 84?
35
Calculate the remainder when 1297204 is divided by 114.
112
What is the remainder when 4352594 is divided by 1088148?
2
Calculate the remainder when 895523 is divided by 3980.
23
What is the remainder when 317165 is divided by 18655?
30
Calculate the remainder when 16559 is divided by 263.
253
What is the remainder when 703837 is divided by 704?
541
Calculate the remainder when 41308160 is divided by 1911.
1895
What is the remainder when 26184 is divided by 284?
56
What is the remainder when 191657168 is divided by 5?
3
What is the remainder when 1109525 is divided by 56?
53
What is the remainder when 12819 is divided by 9013?
3806
What is the remainder when 231188 is divided by 229827?
1361
Calculate the remainder when 4964100 is divided by 3370.
90
What is the remainder when 934610 is divided by 37368?
410
Calculate the remainder when 11438614 is divided by 11438597.
17
Calculate the remainder when 13016127 is divided by 515.
17
Calculate the remainder when 355860 is divided by 165.
120
Calculate the remainder when 104560 is divided by 2017.
1693
Calculate the remainder when 613188 is divided by 204.
168
What is the remainder when 3741379 is divided by 2049?
1954
Calculate the remainder when 17620755 is divided by 184.
179
Calculate the remainder when 27835923 is divided by 187.
38
Calculate the remainder when 8840798 is divided by 4224.
4190
What is the remainder when 7049679 is divided by 214?
91
What is the remainder when 7512352 is divided by 61076?
4
What is the remainder when 11368775 is divided by 924?
803
Calculate the remainder when 61818116 is divided by 4415579.
10
What is the remainder when 212818 is divided by 274?
194
Calculate the remainder when 20879 is divided by 298.
19
Calculate the remainder when 18656064 is divided by 518224.
0
Calculate the remainder when 71151 is divided by 7091.
241
Calculate the remainder when 65228 is divided by 5434.
20
W